{"id":296,"date":"2020-09-30T03:04:46","date_gmt":"2020-09-30T03:04:46","guid":{"rendered":"http:\/\/pbgproduction.com\/index.php\/home\/"},"modified":"2023-01-18T09:55:15","modified_gmt":"2023-01-18T09:55:15","slug":"home","status":"publish","type":"page","link":"https:\/\/pbgproduction.com\/","title":{"rendered":"Accueil"},"content":{"rendered":"\n<div class=\"wp-block-cover alignfull\" style=\"min-height:900px;aspect-ratio:unset;\"><span aria-hidden=\"true\" class=\"wp-block-cover__background has-background-dim-10 has-background-dim\"><\/span><img loading=\"lazy\" decoding=\"async\" width=\"1920\" height=\"1080\" class=\"wp-block-cover__image-background wp-image-928\" alt=\"\" src=\"http:\/\/pbgproduction.com\/wp-content\/uploads\/2021\/08\/camera-page-de-garde-1.png\" style=\"object-position:46% 78%\" data-object-fit=\"cover\" data-object-position=\"46% 78%\" srcset=\"https:\/\/pbgproduction.com\/wp-content\/uploads\/2021\/08\/camera-page-de-garde-1.png 1920w, https:\/\/pbgproduction.com\/wp-content\/uploads\/2021\/08\/camera-page-de-garde-1-300x169.png 300w, https:\/\/pbgproduction.com\/wp-content\/uploads\/2021\/08\/camera-page-de-garde-1-1024x576.png 1024w, https:\/\/pbgproduction.com\/wp-content\/uploads\/2021\/08\/camera-page-de-garde-1-768x432.png 768w, https:\/\/pbgproduction.com\/wp-content\/uploads\/2021\/08\/camera-page-de-garde-1-1536x864.png 1536w\" sizes=\"auto, (max-width: 1920px) 100vw, 1920px\" \/><div class=\"wp-block-cover__inner-container is-layout-flow wp-block-cover-is-layout-flow\">\n<div class=\"wp-block-columns is-layout-flex wp-container-core-columns-is-layout-28f84493 wp-block-columns-is-layout-flex\">\n<div class=\"wp-block-column is-layout-flow wp-block-column-is-layout-flow\" style=\"flex-basis:66.66%\">\n<h6 class=\"has-text-color wp-block-heading\" style=\"color:#a5aaae\">Production audiovisuelle<\/h6>\n\n\n\n<h1 class=\"has-white-color has-text-color wp-block-heading\">La bonne image <\/h1>\n\n\n\n<p class=\"has-white-color has-text-color\">Nous mettons toutes nos comp\u00e9tences en \u0153uvre pour cr\u00e9er les images qui sublimeront l&rsquo;exp\u00e9rience de vos spectateurs <\/p>\n\n\n\n<div style=\"height:42px\" aria-hidden=\"true\" class=\"wp-block-spacer\"><\/div>\n\n\n\n<div class=\"wp-block-buttons is-vertical is-layout-flex wp-container-core-buttons-is-layout-fe9cc265 wp-block-buttons-is-layout-flex\">\n<div class=\"wp-block-button has-custom-width wp-block-button__width-50 is-style-fill\"><a class=\"wp-block-button__link has-white-color has-vivid-red-background-color has-text-color has-background wp-element-button\" href=\"https:\/\/pbgproduction.com\/index.php\/nos-solutions\/\" style=\"border-radius:50px\">Solutions<\/a><\/div>\n\n\n\n<div class=\"wp-block-button has-custom-width wp-block-button__width-50 is-style-fill\"><a class=\"wp-block-button__link has-white-color has-vivid-red-background-color has-text-color has-background wp-element-button\" href=\"https:\/\/pbgproduction.com\/index.php\/contact-us\/\" style=\"border-radius:50px\">Contact<\/a><\/div>\n<\/div>\n<\/div>\n\n\n\n<div class=\"wp-block-column is-layout-flow wp-block-column-is-layout-flow\" style=\"flex-basis:33.33%\"><\/div>\n<\/div>\n<\/div><\/div>\n\n\n\n<div style=\"height:26px\" aria-hidden=\"true\" class=\"wp-block-spacer\"><\/div>\n\n\n\n<h2 class=\"wp-block-heading\">Notre dernier projet !<\/h2>\n\n\n\n<figure class=\"wp-block-embed is-type-video is-provider-youtube wp-block-embed-youtube wp-embed-aspect-16-9 wp-has-aspect-ratio\"><div class=\"wp-block-embed__wrapper\">\n<div class=\"ast-oembed-container\" style=\"height: 100%;\"><iframe loading=\"lazy\" title=\"Distech Controls au Refuge du Go\u00fbter\" width=\"500\" height=\"281\" src=\"https:\/\/www.youtube.com\/embed\/mkjVeOB8uyU?feature=oembed\" frameborder=\"0\" allow=\"accelerometer; autoplay; clipboard-write; encrypted-media; gyroscope; picture-in-picture; web-share\" referrerpolicy=\"strict-origin-when-cross-origin\" allowfullscreen><\/iframe><\/div>\n<\/div><\/figure>\n\n\n\n<div style=\"height:39px\" aria-hidden=\"true\" class=\"wp-block-spacer\"><\/div>\n\n\n\n<div class=\"wp-block-group alignfull has-white-background-color has-background is-layout-flow wp-block-group-is-layout-flow\"><div class=\"wp-block-group__inner-container\">\n<div class=\"wp-block-columns alignwide is-layout-flex wp-container-core-columns-is-layout-28f84493 wp-block-columns-is-layout-flex\">\n<div class=\"wp-block-column is-layout-flow wp-block-column-is-layout-flow\">\n<h2 class=\"wp-block-heading\">Votre partenaire cr\u00e9ateur d&rsquo;\u00e9motions<\/h2>\n\n\n\n<p><strong>Nous sommes une agence de production audiovisuelle <\/strong><\/p>\n\n\n\n<p>Aujourd&rsquo;hui, il est facile de faire une belle image. Notre promesse c&rsquo;est de vous offrir LA bonne image pour votre projet.\u00a0La bonne image c&rsquo;est celle qui est belle mais surtout celle qui est sp\u00e9cialement cr\u00e9\u00e9e pour servir votre strat\u00e9gie de communication. La bonne image, la bonne vid\u00e9o vaut 1000 mots. <\/p>\n<\/div>\n\n\n\n<div class=\"wp-block-column is-vertically-aligned-center is-layout-flow wp-block-column-is-layout-flow\">\n<h4 class=\"wp-block-heading\">Obtenir un devis<\/h4>\n\n\n<div class=\"wpforms-container \" id=\"wpforms-4\"><form id=\"wpforms-form-4\" class=\"wpforms-validate wpforms-form\" data-formid=\"4\" method=\"post\" enctype=\"multipart\/form-data\" action=\"\/index.php\/wp-json\/wp\/v2\/pages\/296\" data-token=\"296f15549b98a38ad652069ffe3bc5c5\"><noscript class=\"wpforms-error-noscript\">Veuillez activer JavaScript dans votre navigateur pour remplir ce formulaire.<\/noscript><div class=\"wpforms-field-container\"><div id=\"wpforms-4-field_0-container\" class=\"wpforms-field wpforms-field-name\" data-field-id=\"0\"><label class=\"wpforms-field-label\" for=\"wpforms-4-field_0\">Nom <span class=\"wpforms-required-label\">*<\/span><\/label><div class=\"wpforms-field-row wpforms-field-medium\"><div class=\"wpforms-field-row-block wpforms-first wpforms-one-half\"><input type=\"text\" id=\"wpforms-4-field_0\" class=\"wpforms-field-name-first wpforms-field-required\" name=\"wpforms[fields][0][first]\" required><label for=\"wpforms-4-field_0\" class=\"wpforms-field-sublabel after \">Pr\u00e9nom<\/label><\/div><div class=\"wpforms-field-row-block wpforms-one-half\"><input type=\"text\" id=\"wpforms-4-field_0-last\" class=\"wpforms-field-name-last wpforms-field-required\" name=\"wpforms[fields][0][last]\" required><label for=\"wpforms-4-field_0-last\" class=\"wpforms-field-sublabel after \">Nom<\/label><\/div><\/div><\/div><div id=\"wpforms-4-field_1-container\" class=\"wpforms-field wpforms-field-email\" data-field-id=\"1\"><label class=\"wpforms-field-label\" for=\"wpforms-4-field_1\">E-mail <span class=\"wpforms-required-label\">*<\/span><\/label><input type=\"email\" id=\"wpforms-4-field_1\" class=\"wpforms-field-medium wpforms-field-required\" name=\"wpforms[fields][1]\" required><\/div><div id=\"wpforms-4-field_2-container\" class=\"wpforms-field wpforms-field-textarea\" data-field-id=\"2\"><label class=\"wpforms-field-label\" for=\"wpforms-4-field_2\">Commentaire ou message<\/label><textarea id=\"wpforms-4-field_2\" class=\"wpforms-field-medium\" name=\"wpforms[fields][2]\" ><\/textarea><\/div><\/div><div class=\"wpforms-recaptcha-container wpforms-is-recaptcha\"><div class=\"g-recaptcha\" data-sitekey=\"6LeOywgkAAAAAKpVGLMqOWszdOVXN4vG4_HARU1p\"><\/div><input type=\"text\" name=\"g-recaptcha-hidden\" class=\"wpforms-recaptcha-hidden\" style=\"position:absolute!important;clip:rect(0,0,0,0)!important;height:1px!important;width:1px!important;border:0!important;overflow:hidden!important;padding:0!important;margin:0!important;\" required><\/div><div class=\"wpforms-submit-container\"><input type=\"hidden\" name=\"wpforms[id]\" value=\"4\"><input type=\"hidden\" name=\"wpforms[author]\" value=\"1\"><button type=\"submit\" name=\"wpforms[submit]\" id=\"wpforms-submit-4\" class=\"wpforms-submit\" data-alt-text=\"Sending...\" data-submit-text=\"Envoyer\" aria-live=\"assertive\" value=\"wpforms-submit\">Envoyer<\/button><\/div><\/form><\/div>  <!-- .wpforms-container -->\n\n\n\n<p><\/p>\n<\/div>\n<\/div>\n\n\n\n<p><\/p>\n<\/div><\/div>\n\n\n\n<div class=\"wp-block-columns alignfull is-layout-flex wp-container-core-columns-is-layout-28f84493 wp-block-columns-is-layout-flex\">\n<div class=\"wp-block-column is-layout-flow wp-block-column-is-layout-flow\" style=\"flex-basis:50%\">\n<div class=\"wp-block-cover\"><span aria-hidden=\"true\" class=\"wp-block-cover__background has-background-dim-60 has-background-dim\" style=\"background-color:#000422\"><\/span><img loading=\"lazy\" decoding=\"async\" width=\"2000\" height=\"1414\" class=\"wp-block-cover__image-background wp-image-878\" alt=\"\" src=\"http:\/\/pbgproduction.com\/wp-content\/uploads\/2021\/07\/2-e1625150679385.jpg\" style=\"object-position:62% 51%\" data-object-fit=\"cover\" data-object-position=\"62% 51%\" srcset=\"https:\/\/pbgproduction.com\/wp-content\/uploads\/2021\/07\/2-e1625150679385.jpg 2000w, https:\/\/pbgproduction.com\/wp-content\/uploads\/2021\/07\/2-e1625150679385-300x212.jpg 300w, https:\/\/pbgproduction.com\/wp-content\/uploads\/2021\/07\/2-e1625150679385-1024x724.jpg 1024w, https:\/\/pbgproduction.com\/wp-content\/uploads\/2021\/07\/2-e1625150679385-768x543.jpg 768w, https:\/\/pbgproduction.com\/wp-content\/uploads\/2021\/07\/2-e1625150679385-1536x1086.jpg 1536w\" sizes=\"auto, (max-width: 2000px) 100vw, 2000px\" \/><div class=\"wp-block-cover__inner-container is-layout-flow wp-block-cover-is-layout-flow\">\n<h4 class=\"has-white-color has-text-color wp-block-heading\">01.<\/h4>\n\n\n\n<h3 class=\"has-white-color has-text-color wp-block-heading\">Images et vid\u00e9os<\/h3>\n\n\n\n<p class=\"has-text-color\" style=\"color:#dbddee\">Live, captation, film institutionnel ou promotionnel, nous avons plusieurs cordes \u00e0 notre arc pour faire de votre projet une r\u00e9ussite<\/p>\n\n\n\n<div class=\"wp-block-buttons is-layout-flex wp-block-buttons-is-layout-flex\">\n<div class=\"wp-block-button\"><a class=\"wp-block-button__link has-vivid-red-background-color has-background wp-element-button\" href=\"https:\/\/pbgproduction.com\/wp-admin\/post.php?post=691&amp;action=edit\" style=\"border-radius:50px\">En savoir plus<\/a><\/div>\n<\/div>\n<\/div><\/div>\n<\/div>\n\n\n\n<div class=\"wp-block-column is-layout-flow wp-block-column-is-layout-flow\" style=\"flex-basis:50%\">\n<div class=\"wp-block-cover\"><span aria-hidden=\"true\" class=\"wp-block-cover__background has-background-dim-60 has-background-dim\" style=\"background-color:#000422\"><\/span><img loading=\"lazy\" decoding=\"async\" width=\"2000\" height=\"1414\" class=\"wp-block-cover__image-background wp-image-877\" alt=\"\" src=\"http:\/\/pbgproduction.com\/wp-content\/uploads\/2021\/07\/1-e1625150655472.jpg\" style=\"object-position:61% 51%\" data-object-fit=\"cover\" data-object-position=\"61% 51%\" srcset=\"https:\/\/pbgproduction.com\/wp-content\/uploads\/2021\/07\/1-e1625150655472.jpg 2000w, https:\/\/pbgproduction.com\/wp-content\/uploads\/2021\/07\/1-e1625150655472-300x212.jpg 300w, https:\/\/pbgproduction.com\/wp-content\/uploads\/2021\/07\/1-e1625150655472-1024x724.jpg 1024w, https:\/\/pbgproduction.com\/wp-content\/uploads\/2021\/07\/1-e1625150655472-768x543.jpg 768w, https:\/\/pbgproduction.com\/wp-content\/uploads\/2021\/07\/1-e1625150655472-1536x1086.jpg 1536w\" sizes=\"auto, (max-width: 2000px) 100vw, 2000px\" \/><div class=\"wp-block-cover__inner-container is-layout-flow wp-block-cover-is-layout-flow\">\n<h4 class=\"has-white-color has-text-color wp-block-heading\">02.<\/h4>\n\n\n\n<h3 class=\"has-white-color has-text-color wp-block-heading\">Conseil en communication<\/h3>\n\n\n\n<p class=\"has-text-color\" style=\"color:#dbddee\">La double comp\u00e9tence \u00e9v\u00e9nementielle et audiovisuelle de PBG Production  nous permet de vous conseiller efficacement sur votre strat\u00e9gie de communication<\/p>\n\n\n\n<div class=\"wp-block-buttons is-layout-flex wp-block-buttons-is-layout-flex\">\n<div class=\"wp-block-button\"><a class=\"wp-block-button__link has-vivid-red-background-color has-background wp-element-button\" href=\"https:\/\/pbgproduction.com\/wp-admin\/post.php?post=691&amp;action=edit\" style=\"border-radius:50px\">En savoir plus<\/a><\/div>\n<\/div>\n<\/div><\/div>\n<\/div>\n<\/div>\n\n\n\n<div class=\"wp-block-group alignfull has-background is-layout-flow wp-block-group-is-layout-flow\" style=\"background:linear-gradient(180deg,rgb(255,255,255) 0%,rgb(248,248,251) 100%)\"><div class=\"wp-block-group__inner-container\">\n<h2 class=\"has-text-align-center wp-block-heading\">Pourquoi nous choisir ?<\/h2>\n\n\n\n<figure class=\"wp-block-image aligncenter size-large\"><img loading=\"lazy\" decoding=\"async\" width=\"42\" height=\"42\" src=\"http:\/\/pbgproduction.com\/wp-content\/uploads\/2021\/06\/198768618_549146179433620_8448944999731457747_n.png\" alt=\"\" class=\"wp-image-719\"\/><\/figure>\n\n\n\n<div class=\"wp-block-columns is-layout-flex wp-container-core-columns-is-layout-28f84493 wp-block-columns-is-layout-flex\">\n<div class=\"wp-block-column is-layout-flow wp-block-column-is-layout-flow\">\n<div class=\"wp-block-group has-white-background-color has-background is-layout-flow wp-block-group-is-layout-flow\"><div class=\"wp-block-group__inner-container\">\n<h4 class=\"wp-block-heading\">19 ans d&rsquo;exp\u00e9rience<\/h4>\n\n\n\n<p>Depuis presque 20 ans nous avons travaill\u00e9 pour des \u00e9v\u00e9nements prestigieux comme <a href=\"https:\/\/www.rolandgarros.com\/fr-fr\/\">Roland Garros<\/a>, la  <a href=\"https:\/\/www.ligue1.fr\/\">Ligue 1<\/a> ou encore les Championnats du Monde de Ski<\/p>\n<\/div><\/div>\n<\/div>\n\n\n\n<div class=\"wp-block-column is-layout-flow wp-block-column-is-layout-flow\">\n<div class=\"wp-block-group has-white-background-color has-background is-layout-flow wp-block-group-is-layout-flow\"><div class=\"wp-block-group__inner-container\">\n<h4 class=\"wp-block-heading\">Une relation transparente<\/h4>\n\n\n\n<p>Chez PBG Production nous pensons qu&rsquo;une confiance r\u00e9ciproque est le premier pas vers une collaboration r\u00e9ussie<\/p>\n<\/div><\/div>\n<\/div>\n\n\n\n<div class=\"wp-block-column is-layout-flow wp-block-column-is-layout-flow\">\n<div class=\"wp-block-group has-white-background-color has-background is-layout-flow wp-block-group-is-layout-flow\"><div class=\"wp-block-group__inner-container\">\n<h4 class=\"wp-block-heading\">Des solutions personnalis\u00e9s<\/h4>\n\n\n\n<p>Votre projet est unique, nos solutions aussi<\/p>\n<\/div><\/div>\n<\/div>\n<\/div>\n\n\n\n<div class=\"wp-block-columns is-layout-flex wp-container-core-columns-is-layout-28f84493 wp-block-columns-is-layout-flex\">\n<div class=\"wp-block-column is-layout-flow wp-block-column-is-layout-flow\" style=\"flex-basis:10%\"><\/div>\n\n\n\n<div class=\"wp-block-column is-layout-flow wp-block-column-is-layout-flow\">\n<div class=\"wp-block-group has-white-background-color has-background is-layout-flow wp-block-group-is-layout-flow\"><div class=\"wp-block-group__inner-container\">\n<h4 class=\"wp-block-heading\">Un processus fluide<\/h4>\n\n\n\n<p>Porter un projet c&rsquo;est beaucoup de stress. Nous nous engageons \u00e0 apporter la solution adapt\u00e9e au plus vite<\/p>\n<\/div><\/div>\n<\/div>\n\n\n\n<div class=\"wp-block-column is-layout-flow wp-block-column-is-layout-flow\">\n<div class=\"wp-block-group alignwide has-white-background-color has-background is-layout-flow wp-block-group-is-layout-flow\"><div class=\"wp-block-group__inner-container\">\n<h4 class=\"wp-block-heading\">Une double comp\u00e9tence <\/h4>\n\n\n\n<p>Nos exp\u00e9riences des \u00e9v\u00e9nements en tant qu&rsquo;organisateur, sponsor ou partenaire nous permettent aujourd&rsquo;hui de mieux comprendre vos besoins<\/p>\n<\/div><\/div>\n<\/div>\n\n\n\n<div class=\"wp-block-column is-layout-flow wp-block-column-is-layout-flow\" style=\"flex-basis:10%\"><\/div>\n<\/div>\n<\/div><\/div>\n\n\n\n<div class=\"wp-block-group alignfull has-white-background-color has-background is-layout-flow wp-block-group-is-layout-flow\"><div class=\"wp-block-group__inner-container\">\n<div class=\"wp-block-columns are-vertically-aligned-center is-layout-flex wp-container-core-columns-is-layout-28f84493 wp-block-columns-is-layout-flex\">\n<div class=\"wp-block-column is-vertically-aligned-center is-layout-flow wp-block-column-is-layout-flow\" style=\"flex-basis:40%\">\n<div class=\"wp-block-group is-layout-flow wp-block-group-is-layout-flow\"><div class=\"wp-block-group__inner-container\">\n<figure class=\"wp-block-image size-large\"><img loading=\"lazy\" decoding=\"async\" width=\"42\" height=\"42\" src=\"http:\/\/pbgproduction.com\/wp-content\/uploads\/2021\/06\/198768618_549146179433620_8448944999731457747_n.png\" alt=\"\" class=\"wp-image-719\"\/><\/figure>\n\n\n\n<h2 class=\"wp-block-heading\">Ils nous ont fait confiance<\/h2>\n\n\n\n<p>Voici quelques clients qui nous ont fait confiance \ud83d\ude42 <\/p>\n<\/div><\/div>\n<\/div>\n\n\n\n<div class=\"wp-block-column is-vertically-aligned-center is-layout-flow wp-block-column-is-layout-flow\" style=\"flex-basis:20%\">\n<div class=\"wp-block-group is-layout-flow wp-block-group-is-layout-flow\"><div class=\"wp-block-group__inner-container\">\n<figure class=\"wp-block-image aligncenter size-full\"><img loading=\"lazy\" decoding=\"async\" width=\"369\" height=\"192\" src=\"http:\/\/pbgproduction.com\/wp-content\/uploads\/2023\/01\/LogoMasterSest.webp\" alt=\"\" class=\"wp-image-998\" srcset=\"https:\/\/pbgproduction.com\/wp-content\/uploads\/2023\/01\/LogoMasterSest.webp 369w, https:\/\/pbgproduction.com\/wp-content\/uploads\/2023\/01\/LogoMasterSest-300x156.webp 300w\" sizes=\"auto, (max-width: 369px) 100vw, 369px\" \/><\/figure>\n<\/div><\/div>\n<\/div>\n\n\n\n<div class=\"wp-block-column is-vertically-aligned-center is-layout-flow wp-block-column-is-layout-flow\" style=\"flex-basis:20%\">\n<div class=\"wp-block-group is-layout-flow wp-block-group-is-layout-flow\"><div class=\"wp-block-group__inner-container\">\n<figure class=\"wp-block-image aligncenter size-full\"><img loading=\"lazy\" decoding=\"async\" width=\"310\" height=\"163\" src=\"http:\/\/pbgproduction.com\/wp-content\/uploads\/2023\/01\/telechargement.png\" alt=\"\" class=\"wp-image-993\" srcset=\"https:\/\/pbgproduction.com\/wp-content\/uploads\/2023\/01\/telechargement.png 310w, https:\/\/pbgproduction.com\/wp-content\/uploads\/2023\/01\/telechargement-300x158.png 300w\" sizes=\"auto, (max-width: 310px) 100vw, 310px\" \/><\/figure>\n<\/div><\/div>\n\n\n\n<div class=\"wp-block-group is-layout-flow wp-block-group-is-layout-flow\"><div class=\"wp-block-group__inner-container\">\n<figure class=\"wp-block-image aligncenter size-full\"><img loading=\"lazy\" decoding=\"async\" width=\"397\" height=\"201\" src=\"http:\/\/pbgproduction.com\/wp-content\/uploads\/2023\/01\/logo4.png\" alt=\"\" class=\"wp-image-992\" srcset=\"https:\/\/pbgproduction.com\/wp-content\/uploads\/2023\/01\/logo4.png 397w, https:\/\/pbgproduction.com\/wp-content\/uploads\/2023\/01\/logo4-300x152.png 300w\" sizes=\"auto, (max-width: 397px) 100vw, 397px\" \/><\/figure>\n<\/div><\/div>\n<\/div>\n\n\n\n<div class=\"wp-block-column is-vertically-aligned-center is-layout-flow wp-block-column-is-layout-flow\" style=\"flex-basis:20%\">\n<div class=\"wp-block-group is-layout-flow wp-block-group-is-layout-flow\"><div class=\"wp-block-group__inner-container\">\n<figure class=\"wp-block-image aligncenter size-full\"><img loading=\"lazy\" decoding=\"async\" width=\"750\" height=\"494\" src=\"http:\/\/pbgproduction.com\/wp-content\/uploads\/2023\/01\/e6f2bef9-16f7-45e6-b114-e5cfed58d147.jpg\" alt=\"\" class=\"wp-image-997\" srcset=\"https:\/\/pbgproduction.com\/wp-content\/uploads\/2023\/01\/e6f2bef9-16f7-45e6-b114-e5cfed58d147.jpg 750w, https:\/\/pbgproduction.com\/wp-content\/uploads\/2023\/01\/e6f2bef9-16f7-45e6-b114-e5cfed58d147-300x198.jpg 300w\" sizes=\"auto, (max-width: 750px) 100vw, 750px\" \/><\/figure>\n<\/div><\/div>\n\n\n\n<div class=\"wp-block-group is-layout-flow wp-block-group-is-layout-flow\"><div class=\"wp-block-group__inner-container\">\n<figure class=\"wp-block-image aligncenter size-full\"><img loading=\"lazy\" decoding=\"async\" width=\"290\" height=\"124\" src=\"http:\/\/pbgproduction.com\/wp-content\/uploads\/2023\/01\/logo.png\" alt=\"\" class=\"wp-image-996\"\/><\/figure>\n<\/div><\/div>\n<\/div>\n<\/div>\n<\/div><\/div>\n","protected":false},"excerpt":{"rendered":"<p>Notre dernier projet ! Votre partenaire cr\u00e9ateur d&rsquo;\u00e9motions Nous sommes une agence de production audiovisuelle Aujourd&rsquo;hui, il est facile de faire une belle image. Notre promesse c&rsquo;est de vous offrir LA bonne image pour votre projet.\u00a0La bonne image c&rsquo;est celle qui est belle mais surtout celle qui est sp\u00e9cialement cr\u00e9\u00e9e pour servir votre strat\u00e9gie de &hellip;<\/p>\n<p class=\"read-more\"> <a class=\"\" href=\"https:\/\/pbgproduction.com\/\"> <span class=\"screen-reader-text\">Accueil<\/span> Lire la suite\u00a0\u00bb<\/a><\/p>\n","protected":false},"author":1,"featured_media":0,"parent":0,"menu_order":0,"comment_status":"closed","ping_status":"closed","template":"","meta":{"om_disable_all_campaigns":false,"_mi_skip_tracking":false,"site-sidebar-layout":"no-sidebar","site-content-layout":"plain-container","ast-global-header-display":"","ast-main-header-display":"","ast-hfb-above-header-display":"","ast-hfb-below-header-display":"","ast-hfb-mobile-header-display":"","site-post-title":"disabled","ast-breadcrumbs-content":"","ast-featured-img":"disabled","footer-sml-layout":"","theme-transparent-header-meta":"enabled","adv-header-id-meta":"","stick-header-meta":"","header-above-stick-meta":"","header-main-stick-meta":"","header-below-stick-meta":"","footnotes":""},"class_list":["post-296","page","type-page","status-publish","hentry"],"aioseo_notices":[],"_links":{"self":[{"href":"https:\/\/pbgproduction.com\/index.php\/wp-json\/wp\/v2\/pages\/296","targetHints":{"allow":["GET"]}}],"collection":[{"href":"https:\/\/pbgproduction.com\/index.php\/wp-json\/wp\/v2\/pages"}],"about":[{"href":"https:\/\/pbgproduction.com\/index.php\/wp-json\/wp\/v2\/types\/page"}],"author":[{"embeddable":true,"href":"https:\/\/pbgproduction.com\/index.php\/wp-json\/wp\/v2\/users\/1"}],"replies":[{"embeddable":true,"href":"https:\/\/pbgproduction.com\/index.php\/wp-json\/wp\/v2\/comments?post=296"}],"version-history":[{"count":38,"href":"https:\/\/pbgproduction.com\/index.php\/wp-json\/wp\/v2\/pages\/296\/revisions"}],"predecessor-version":[{"id":1002,"href":"https:\/\/pbgproduction.com\/index.php\/wp-json\/wp\/v2\/pages\/296\/revisions\/1002"}],"wp:attachment":[{"href":"https:\/\/pbgproduction.com\/index.php\/wp-json\/wp\/v2\/media?parent=296"}],"curies":[{"name":"wp","href":"https:\/\/api.w.org\/{rel}","templated":true}]}}